40.
2, 5, 17, 101
List the prime factors of 2505.
3, 5, 167
What are the prime factors of 7208?
2, 17, 53
What are the prime factors of 1066?
2, 13, 41
List the prime factors of 901.
17, 53
What are the prime factors of 18995?
5, 29, 131
What are the prime factors of 491?
491
What are the prime factors of 7110?
2, 3, 5, 79
List the prime factors of 26208.
2, 3, 7, 13
What are the prime factors of 287?
7, 41
What are the prime factors of 835?
5, 167
What are the prime factors of 1784?
2, 223
List the prime factors of 11936.
2, 373
What are the prime factors of 1745?
5, 349
List the prime factors of 4377.
3, 1459
List the prime factors of 121283.
121283
List the prime factors of 3757.
13, 17
List the prime factors of 10443.
3, 59
What are the prime factors of 62126?
2, 31063
What are the prime factors of 116776?
2, 11, 1327
List the prime factors of 3583.
3583
List the prime factors of 231.
3, 7, 11
What are the prime factors of 2099?
2099
List the prime factors of 56147.
7, 13, 617
List the prime factors of 21718.
2, 10859
What are the prime factors of 6328?
2, 7, 113
What are the prime factors of 225?
3, 5
What are the prime factors of 4807?
11, 19, 23
List the prime factors of 2124.
2, 3, 59
List the prime factors of 1229.
1229
What are the prime factors of 11480?
2, 5, 7, 41
List the prime factors of 8455.
5, 19, 89
What are the prime factors of 5267?
23, 229
List the prime factors of 25.
5
What are the prime factors of 23708?
2, 5927
List the prime factors of 157.
157
List the prime factors of 804.
2, 3, 67
What are the prime factors of 1526?
2, 7, 109
List the prime factors of 10569.
3, 13, 271
List the prime factors of 28365.
3, 5, 31, 61
What are the prime factors of 604?
2, 151
What are the prime factors of 3373?
3373
List the prime factors of 39647.
41, 967
What are the prime factors of 750?
2, 3, 5
What are the prime factors of 2382?
2, 3, 397
List the prime factors of 13670.
2, 5, 1367
List the prime factors of 67042.
2, 33521
List the prime factors of 18806.
2, 9403
What are the prime factors of 5915?
5, 7, 13
List the prime factors of 1976.
2, 13, 19
What are the prime factors of 10738?
2, 7, 13, 59
What are the prime factors of 6720?
2, 3, 5, 7
What are the prime factors of 1523?
1523
What are the prime factors of 59935?
5, 11987
What are the prime factors of 1986?
2, 3, 331
What are the prime factors of 11033?
11, 17, 59
What are the prime factors of 13684?
2, 11, 311
List the prime factors of 19133.
19, 53
What are the prime factors of 1233?
3, 137
What are the prime factors of 48060?
2, 3, 5, 89
What are the prime factors of 329?
7, 47
List the prime factors of 9981.
3, 1109
What are the prime factors of 28480?
2, 5, 89
List the prime factors of 717.
3, 239
What are the prime factors of 50740?
2, 5, 43, 59
What are the prime factors of 8177?
13, 17, 37
List the prime factors of 3196.
2, 17, 47
List the prime factors of 1236.
2, 3, 103
List the prime factors of 65.
5, 13
What are the prime factors of 297?
3, 11
What are the prime factors of 22355?
5, 17, 263
List the prime factors of 51896.
2, 13, 499
What are the prime factors of 1473?
3, 491
What are the prime factors of 6823?
6823
List the prime factors of 18012.
2, 3, 19, 79
List the prime factors of 1689.
3, 563
What are the prime factors of 260?
2, 5, 13
List the prime factors of 7294.
2, 7, 521
List the prime factors of 17788.
2, 4447
What are the prime factors of 2396?
2, 599
What are the prime factors of 17885?
5, 7, 73
List the prime factors of 59.
59
What are the prime factors of 810?
2, 3, 5
List the prime factors of 9550.
2, 5, 191
What are the prime factors of 5544?
2, 3, 7, 11
List the prime factors of 7165.
5, 1433
What are the prime factors of 139?
139
What are the prime factors of 2503?
2503
What are the prime factors of 1088?
2, 17
List the prime factors of 5100.
2, 3, 5, 17
What are the prime factors of 974?
2, 487
List the prime factors of 739.
739
List the prime factors of 866.
2, 433
List the prime factors of 7660.
2, 5, 383
List the prime factors of 7228.
2, 13, 139
What are the prime factors of 54715?
5, 31, 353
List the prime factors of 693.
3, 7, 11
List the prime factors of 1245.
3, 5, 83
List the prime factors of 5419.
5419
List the prime factors of 8792.
2, 7, 157
What are the prime factors of 5681?
13, 19, 23
What are the prime factors of 112441?
7, 16063
List the prime factors of 3062.
2, 1531
List the prime factors of 1997.
1997
What are the prime factors of 23824?
2, 1489
List the prime factors of 13135.
5, 37, 71
What are the prime factors of 3249?
3, 19
What are the prime factors of 4256?
2, 7, 19
List the prime factors of 47285.
5, 7, 193
What are the prime factors of 23688?
2, 3, 7, 47
What are the prime factors of 7389?
3, 821
What are the prime factors of 48083?
7, 6869
What are the prime factors of 12964?
2, 7, 463
What are the prime factors of 34539?
3, 29, 397
List the prime factors of 8942.
2, 17, 263
What are the prime factors of 13624?
2, 13, 131
What are the prime factors of 6100?
2, 5, 61
List the prime factors of 70845.
3, 5, 4723
List the prime factors of 110995.
5, 79, 281
What are the prime factors of 434?
2, 7, 31
What are the prime factors of 3031?
7, 433
List the prime factors of 30.
2, 3, 5
What are the prime factors of 5881?
5881
List the prime factors of 2191.
7, 313
List the prime factors of 136397.
136397
List the prime factors of 1649.
17, 97
What are the prime factors of 15071?
7, 2153
List the prime factors of 7909.
11, 719
List the prime factors of 46464.
2, 3, 11
List the prime factors of 673.
673
List the prime factors of 7997.
11, 727
List the prime factors of 4889.
4889
What are the prime factors of 635?
5, 127
List the prime factors of 2936.
2, 367
List the prime factors of 1448.
2, 181
List the prime factors of 776.
2, 97
List the prime factors of 362.
2, 181
List the prime factors of 4767.
3, 7, 227
List the prime factors of 180.
2, 3, 5
What are the prime factors of 103864?
2, 12983
What are the prime factors of 20515?
5, 11, 373
What are the prime factors of 37605?
3, 5, 23, 109
List the prime factors of 1583.
1583
What are the prime factors of 54041?
13, 4157
What are the prime factors of 15974?
2, 7, 163
What are the prime factors of 44908?
2, 103, 109
List the prime factors of 14596.
2, 41, 89
What are the prime factors of 42380?
2, 5, 13, 163
What are the prime factors of 1261?
13, 97
List the prime factors of 2934.
2, 3, 163
What are the prime factors of 49327?
107, 461
What are the prime factors of 6250?
2, 5
List the prime factors of 5918.
2, 11, 269
List the prime factors of 550.
2, 5, 11
List the prime factors of 4214.
2, 7, 43
What are the prime factors of 102168?
2, 3, 11, 43
List the prime factors of 24807.
3, 8269
What are the prime factors of 31846?
2, 15923
What are the prime factors of 5873?
7, 839
What are the prime factors of 344?
2, 43
What are the prime factors of 1701?
3, 7
List the prime factors of 1752.
2, 3, 73
What are the prime factors of 45294?
2, 3, 7549
What are the prime factors of 2703?
3, 17, 53
List the prime factors of 3495.
3, 5, 233
What are the prime factors of 1701?
3, 7
What are the prime factors of 3800?
2, 5, 19
What are the prime factors of 54819?
3, 6091
What are the prime factors of 15975?
3, 5, 71
What are the prime factors of 9765?
3, 5, 7, 31
List the prime factors of 4754.
2, 2377
What are the prime factors of 1392?
2, 3, 29
What are the prime factors of 1104?
2, 3, 23
What are the prime factors of 1067?
11, 97
What are the prime factors of 37789?
23, 31, 53
List the prime factors of 5055.
3, 5, 337
List the prime factors of 2541.
3, 7, 11
What are the prime factors of 2264?
2, 283
List the prime factors of 128196.
2, 3, 1187
What are the prime factors of 4042?
2, 43, 47
What are the prime factors of 2151?
3, 239
List the prime factors of 5402.
2, 37, 73
List the prime factors of 4151.
7, 593
List the prime factors of 1338.
2, 3, 223
List the prime factors of 6080.
2, 5, 19
List the prime factors of 5767.
73, 79
What are the prime factors of 711?
3, 79
What are the prime factors of 11278?
2, 5639
List the prime factors of 1967.
7, 281
List the prime factors of 63474.
2, 3, 71, 149
List the prime factors of 3185.
5, 7, 13
What are the prime factors of 505?